) = -27*z - 1. Suppose 5*y = -j + 38, -5*j + j = 5*y - 92. Let i be j/(-63) - (-5)/(-7). List the prime factors of k(i).
2, 13
Let s(i) = i**2 - 19*i - 531. What are the prime factors of s(-51)?
3, 1013
Suppose -5*x = -2*t - 52, 0 = x + 4*t - 2*t - 8. Suppose -2*h = -h - x. Suppose w + w - h = 0. List the prime factors of w.
5
Suppose -16*v = -15*v + 2*k - 2440, 2*v + k - 4868 = 0. What are the prime factors of v?
2, 19
Let u = -21 + 33. Suppose -3*g + 3*l - u = -2*g, 0 = 5*g + 2*l - 25. Let h(b) = 4*b**2 + b - 2. List the prime factors of h(g).
37
Let r = 8 - -1. Let w = 120 - 59. Suppose r = 3*x, -2*n - 5*x = 10 - w. List the prime factors of n.
2, 3
Suppose 110 = 6*q - 412. What are the prime factors of q?
3, 29
Let s be (24/(-2))/(-1 - -2). Let r be ((-6)/4)/(-2*(-15)/(-80)). What are the prime factors of 3 - (-3 + s/r)?
3
Suppose -3*h + 5*x - 624 = 0, -5*h - 1222 = 2*x - 182. Let d = -119 - h. What are the prime factors of d?
89
Suppose -6*k + 555 + 2709 = 0. What are the prime factors of k?
2, 17
Let k(f) = f**3 - 24*f**2 + 18*f + 15. List the prime factors of k(24).
3, 149
Let d(p) = 5*p + p**2 - 1 - 2*p + 2 - 3. Let b be d(-4). Suppose 2*r = -b*q + 32, -4*r = -3*q - 17 - 40. List the prime factors of r.
3, 5
Let w(h) = h**3 + 8*h**2 - 7*h + 20. Let p be w(-9). What are the prime factors of 1/p + (-2321)/(-22)?
2, 53
Let t be (-26)/117 - (-3362)/(-18). Let g = t - -328. What are the prime factors of g?
3, 47
Suppose 68 = -2*o + 208. List the prime factors of (-3 - -2)/((-1)/o).
2, 5, 7
Let d(s) = -s**3 + 8*s**2 - 5*s + 16. Let w be d(7). Suppose 0*z = -4*f - z + 105, f - w = z. List the prime factors of f.
3
Let y be 3/(-15) + 207/(-15). Let p = y - -22. Suppose 4*r = -w + 6, -4*w - w + 2*r + p = 0. What are the prime factors of w?
2
Let c = 73 + -76. List the prime factors of (-2 - c - 4)*-11.
3, 11
Suppose -k - 14 = -5*o, o - 5*k = -k + 18. Suppose -14 = 2*r + o. Let x = r - -32. List the prime factors of x.
2, 3
Let l(n) = -17*n + 229. List the prime factors of l(-9).
2, 191
Suppose 9*z = 42*z - 19074. What are the prime factors of z?
2, 17
Let k(a) = a**3 - 7*a**2 - 2*a - 11. Let w be k(6). Let q = 86 + w. List the prime factors of q.
3
Let p = 2811 + -1505. What are the prime factors of p?
2, 653
Suppose 3*i - 98 - 586 = -3*t, 0 = -5*t. What are the prime factors of i?
2, 3, 19
Let n(q) = 42*q**2 - q - 12. What are the prime factors of n(-2)?
2, 79
Let j(a) be the second derivative of a**4/12 + a**3/2 - 7*a**2/2 - 8*a. List the prime factors of j(10).
3, 41
Suppose 136*d - 2640 = 121*d. List the prime factors of d.
2, 11
Suppose -2*f = -3*b - 36, -4*b = -5*f + 30 + 60. List the prime factors of 8624/72 + 4/f.
2, 3, 5
Suppose 0 = -3*r + r + y + 5806, 4*r = -3*y + 11622. Suppose -4*c = 8*c - r. What are the prime factors of c?
2, 11
Let s(m) = 1664*m**2 + 20*m + 22. List the prime factors of s(-1).
2, 7, 17
Let d(c) = -124*c**3 + c**2 + 8*c + 9. List the prime factors of d(-3).
2, 3, 557
Suppose -2*g + 4*g = -2*i + 84, 5*g = 20. Let f = i - -62. List the prime factors of f.
2, 5
Let g(t) = -2*t**3 + 31*t**2 + 44*t + 14. List the prime factors of g(16).
2, 3, 7, 11
Let i = 2846 + -1857. What are the prime factors of i?
23, 43
Let u(g) = -2*g**3 - 4*g**2 + 18*g + 13. Let c be u(-7). Let w = c + -262. List the prime factors of w.
5, 23
Suppose -60*i + 58*i + 3580 = 0. What are the prime factors of i?
2, 5, 179
Let m = 56 - 54. Let h(r) = 16*r**3 - r**2 + 6*r - 4. What are the prime factors of h(m)?
2, 3, 11
Suppose 20*i - 1456 = 16*i. Suppose -c = 2*g - 98, i = -c + 5*c + g. List the prime factors of c.
2, 3, 5
Suppose 5*z - 35 = 3*g + 14, -g - 9 = -z. Suppose -8*m = -z*m + 9. Suppose -m*v - v = -92. What are the prime factors of v?
23
Let i(j) = 3*j. Suppose -4 = -5*g + 26. Let m be i(g). Suppose 5*n + 5*k = 3*n + m, -8 = -4*n + 4*k. List the prime factors of n.
2
Suppose -38*n + 41*n + 3*x = 7929, 3*x - 5289 = -2*n. List the prime factors of n.
2, 3, 5, 11
Let c(m) = 3*m**2 + 2*m + 2. Let n(s) = 3*s**2 + 242*s - 1 - 4*s**2 - 239*s - 3. Let o be n(3). List the prime factors of c(o).
2, 3, 7
Let b = -6 - -1728. List the prime factors of b.
2, 3, 7, 41
Suppose 9*x + 3570 = 4*v + 11*x, -4*v - 5*x = -3567. List the prime factors of v.
19, 47
Let c be 27/12*(-64)/(-12). Suppose 12 = -9*n + c*n. Suppose n*y = y + 33. What are the prime factors of y?
11
Suppose 0 = 42*z - 59288 - 82378. List the prime factors of z.
3373
Suppose 102*u + 6874 = 104*u - 3*q, 4*u - 13764 = -2*q. What are the prime factors of u?
2, 5, 43
Let i be 68/(-1) - (-3 + 1). Let s(d) = d**2 - 12*d - 2. Let r be s(7). Let j = r - i. What are the prime factors of j?
29
List the prime factors of -4 - (-1 + -2 + (-1580)/5).
3, 5, 7
Suppose 54 - 22 = 4*v. Let c be (-2)/8 + (-26)/(-8). Suppose -c*b + 14 = q, -4*q - v = -2*q - 3*b. List the prime factors of q.
2
Let k = -74 - -395. List the prime factors of k.
3, 107
Suppose -8*f + 21 = -67. Let q(a) = 3*a**2 - 11*a + 36. List the prime factors of q(f).
2, 139
Let k(u) = 15*u - 5. Let f be k(8). Suppose g = 4*w + f - 556, 0 = w - g - 108. List the prime factors of w.
3, 37
Suppose 396*q = 381*q + 26235. What are the prime factors of q?
3, 11, 53
Let v(d) be the third derivative of -d**4/8 + d**3/2 - 3*d**2. Let x be 207/(-63) + 2/7. What are the prime factors of v(x)?
2, 3
Suppose 28*q - 12688 = 23*q + 2*u, -3*q - 5*u + 7588 = 0. What are the prime factors of q?
2, 317
What are the prime factors of 3 + -784*5/2*-1?
13, 151
Let x(a) = -139*a**3 + 3*a**2 + 3*a + 1. Let f be x(-1). Let s = f + -90. List the prime factors of s.
2, 5
Let q(n) = 4*n + 8. Suppose -3*j + 0*j = 2*t - 39, 2*j - 18 = -t. List the prime factors of q(t).
2, 13
Suppose -5*n + n - 560 = 0. Let a = 248 + n. List the prime factors of a.
2, 3
Let d(b) = b + 6. Suppose 2*s - 7 = 3, s = -m + 8. List the prime factors of d(m).
3
Suppose 7*r = 2*r - 335. Let k = r + 93. List the prime factors of k.
2, 13
Let g(z) = -z**2 - 7*z - 7. Let u be g(-4). Suppose u*y - 1354 + 304 = 0. Suppose -10*j - y = -13*j. List the prime factors of j.
2, 5, 7
Suppose 0*t + 4*t + 3*j - 80 = 0, -60 = -3*t + 3*j. List the prime factors of -1 - 2 - (1 - t).
2
Let k = -6 - -6. Suppose k = -3*s + 2 + 7. List the prime factors of (-1)/s - 1005/(-45).
2, 11
Let m(p) = p**2 - 8*p - 37. Let b(q) = 5*q + 39. Let g be b(-5). List the prime factors of m(g).
47
Let r(s) = -s**2 - 23*s - 53. What are the prime factors of r(-9)?
73
Let z be ((-3)/1)/(((-16)/332)/4). Let a = z + -70. List the prime factors of a.
179
Suppose -5*c = 4*d - c - 1500, 4*d - c - 1475 = 0. What are the prime factors of 3 + 9/(-3) - d/(-5)?
2, 37
What are the prime factors of (1788/18)/(8/96)?
2, 149
Let a(j) = -12*j**2 + 12 + 3*j**3 - 5*j + j**3 - 2*j**3 - 3*j**3. What are the prime factors of a(-12)?
2, 3
Let o(j) = j**3 - 5*j**2 - 15*j + 12. Let p be o(7). Suppose 5*l = p, -5*k = l - 36 - 245. List the prime factors of k.
2, 7
Let d = 4 - 2. Let r(p) = p + 2. Let a be r(d). Suppose -5*t = q - 0*t - 22, a*t - 24 = -4*q. List the prime factors of q.
2
Suppose 5*s + 5*t = -0*t - 30, -4*s - 14 = -t. Let i(f) = -f**3 - 2*f**2 - f + 2. Let o be i(s). Let a = o + -11. What are the prime factors of a?
3
Let s = -46 - -45. Let a(i) = 50*i**2 + i + 2. What are the prime factors of a(s)?
3, 17
Suppose -24*a + 9066 = -11982. What are the prime factors of a?
877
Suppose -3*n + 4*u = -7827, 13016 = 5*n + 6*u - 3*u. List the prime factors of n.
5, 521
Suppose 0*a = a - 7*a. Suppose 2*q + 3*q + 3*y + 15 = 0, 2*q - y - 5 = 0. Suppose l + q*l - 21 = a. List the prime factors of l.
3, 7
Suppose 2*j + 38 = 3*s, -4*s + 45 = -4*j - 7. Suppose -4*q + 59 = 3*w - 124, -4*w - s = 0. List the prime factors of q.
2, 3
Let s = -18 + 20. Let d(p) = -p**3 - 2*p**2 + 2*p - 3. Let k be d(s). What are the prime factors of k/((1/3)/(-1))?
3, 5
Let w be 580/(-8)*(-12)/5. Suppose -4*v + w + 470 = -i, 3*v - 468 = -3*i. Let f = v - 89. What are the prime factors of f?
71
Suppose 5*b = 2*x - 3669 - 88, 0 = -5*x + 3*b + 9421. List the prime factors of x.
2, 23, 41
Let j = -98 + 139. List the prime factors of j.
41
Let z(w) = w - 2. Let v be z(4). Suppose -v*m + m = -9. Suppose t - 44 = m. List the prime factors of t.
53
Let r = 17 + -12. Let j be (40/(-30))/(2/